{"id":21888,"date":"2026-01-04T12:44:36","date_gmt":"2026-01-04T12:44:36","guid":{"rendered":"https:\/\/geoalentejo.com\/?page_id=21888"},"modified":"2026-04-02T08:09:47","modified_gmt":"2026-04-02T08:09:47","slug":"iii-baja-tb-alentejo","status":"publish","type":"page","link":"https:\/\/geoalentejo.com\/?page_id=21888","title":{"rendered":"III Baja TB Alentejo"},"content":{"rendered":"<figure class=\"wp-block-image size-full\"><img loading=\"lazy\" decoding=\"async\" width=\"1024\" height=\"1024\" src=\"https:\/\/geoalentejo.com\/wp-content\/uploads\/2026\/01\/ChatGPT-Image-10_12_2025-12_28_59.png\" alt=\"\" class=\"wp-image-21890\" srcset=\"https:\/\/geoalentejo.com\/wp-content\/uploads\/2026\/01\/ChatGPT-Image-10_12_2025-12_28_59.png 1024w, https:\/\/geoalentejo.com\/wp-content\/uploads\/2026\/01\/ChatGPT-Image-10_12_2025-12_28_59-300x300.png 300w, https:\/\/geoalentejo.com\/wp-content\/uploads\/2026\/01\/ChatGPT-Image-10_12_2025-12_28_59-150x150.png 150w, https:\/\/geoalentejo.com\/wp-content\/uploads\/2026\/01\/ChatGPT-Image-10_12_2025-12_28_59-768x768.png 768w, https:\/\/geoalentejo.com\/wp-content\/uploads\/2026\/01\/ChatGPT-Image-10_12_2025-12_28_59-600x600.png 600w, https:\/\/geoalentejo.com\/wp-content\/uploads\/2026\/01\/ChatGPT-Image-10_12_2025-12_28_59-100x100.png 100w\" sizes=\"auto, (max-width: 1024px) 100vw, 1024px\" \/><\/figure><p><strong>Texto para colocar no listing:<\/strong> <a href=\"https:\/\/geoalentejo.com\/?page_id=21892\" data-type=\"link\" data-id=\"https:\/\/geoalentejo.com\/?page_id=21892\">LINK<\/a><\/p><p class=\"has-medium-font-size\"><strong>Classifica\u00e7\u00e3o <br><\/strong>(Data de Actualiza\u00e7\u00e3o: 31\/03\/2026)<\/p><div style='width:740px; font-family: Verdana, Arial, sans-serif; font-size: 13px; text-align: center;'>\n<table style='width:740px; font-family: Verdana, Arial, sans-serif; font-size: 13px; text-align: left;'>\n<th style='background: #d8cd9d;' colspan='2' align='Center'>Classifica\u00e7\u00e3o<\/th>\n<tr>\n<td style='background: #e3ddc2;'>Total de Participantes:<\/td>\n<td style='background: #e3ddc2;'><b>27<\/b><\/td>\n<\/tr>\n<tr>\n<td style='background: #e3ddc2;'>Maior # de Logs:<\/td>\n<td style='background: #e3ddc2;'><a href=\"http:\/\/coord.info\/TBAA0HC\">TBAA0HC<\/a> com <b>205<\/b> logs, atualmente em <a href=\"http:\/\/coord.info\/GC8MQFA\">GC8MQFA<\/a> <img align ='top' vspace='1'  alt='Mecklenburg-Vorpommern, Germany' title='Mecklenburg-Vorpommern, Germany' src='http:\/\/gsak.net\/stats\/flags\/DE.gif'\/><\/td>\n<\/tr>\n<tr>\n<td style='background: #e3ddc2;'>Maior # de Km:<\/td>\n<td style='background: #e3ddc2;'><a href=\"http:\/\/coord.info\/TBAA1CF\">TBAA1CF<\/a> com <b>3159<\/b> km, atualmente em <a href=\"http:\/\/coord.info\/GC50XBV\">GC50XBV<\/a> <img align ='top' vspace='1'  alt='North West England, United Kingdom' title='North West England, United Kingdom' src='http:\/\/gsak.net\/stats\/flags\/UK.gif'\/><\/td>\n<\/tr>\n<tr>\n<td style='background: #e3ddc2;'>Maior dist\u00e2ncia desde a partida:<\/td>\n<td style='background: #e3ddc2;'><a href=\"http:\/\/coord.info\/TBAA0HC\">TBAA0HC<\/a> est\u00e1 a <b>2430<\/b> km de dist\u00e2ncia em <a href=\"http:\/\/coord.info\/GC8MQFA\">GC8MQFA<\/a> <img align ='top' vspace='1'  alt='Mecklenburg-Vorpommern, Germany' title='Mecklenburg-Vorpommern, Germany' src='http:\/\/gsak.net\/stats\/flags\/DE.gif'\/><\/td>\n<\/tr>\n<tr>\n<td style='background: #e3ddc2;'>Maior salto:<\/td>\n<td style='background: #e3ddc2;'><a href=\"http:\/\/coord.info\/TBAA0HC\">TBAA0HC<\/a> viajou <b>2452<\/b> km em 2026-03-26<\/td>\n<\/tr>\n<tr>\n<td style='background: #e3ddc2;'>Maior dist\u00e2ncia num \u00fanico dia:<\/td>\n<td style='background: #e3ddc2;'><a href=\"http:\/\/coord.info\/TBAA162\">TBAA162<\/a> viajou <b>1696<\/b> km em 2026-03-04<\/td>\n<\/tr>\n<tr>\n<td style='background: #e3ddc2;'>Maior dist\u00e2ncia num \u00fanico dia (empatado):<\/td>\n<td style='background: #e3ddc2;'><a href=\"http:\/\/coord.info\/TBAA0YJ\">TBAA0YJ<\/a> viajou <b>1696<\/b> km em 2026-03-04<\/td>\n<\/tr>\n<\/table>\n<\/div>\n<div style='width:740px; font-family: Verdana, Arial, sans-serif; font-size: 13px; text-align: center;'>\n<table style='width:740px; font-family: Verdana, Arial, sans-serif; font-size: 13px; text-align: left;'>\n<br>\n<th style='background: #d8cd9d;' colspan='6' align='Center'>Sum\u00e1rio de todos os participantes<\/th>\n<tr>\n<th style='background: #d8cd9d;text-align: left;'>C\u00f3digo<\/th>\n<th style='background: #d8cd9d;text-align: left;'>Nome<\/th>\n<th style='background: #d8cd9d;text-align: right;'>Owner<\/th>\n<th style='background: #d8cd9d;text-align: right;'>Km<\/th>\n<th style='background: #d8cd9d;text-align: left;'>Localiza\u00e7\u00e3o<\/th>\n<th style='background: #d8cd9d;text-align: right;'>Dist\u00e2ncia do In\u00edcio<\/th>\n<\/tr>\n<tr>\n<td style='background: #e3ddc2;'><a href=\"http:\/\/coord.info\/TBAA1CF\">TBAA1CF<\/a><\/td>\n<td style='background: #e3ddc2;'>Rali viajante<\/td>\n<td style='background: #e3ddc2;text-align: right;'>MANASSA713<\/td>\n<td style='background: #e3ddc2;text-align: right;'>3159<\/td>\n<td style='background: #e3ddc2;'><a href=\"http:\/\/coord.info\/GC50XBV\">GC50XBV<\/a> <img align ='top' vspace='1'  alt='North West England, United Kingdom' title='North West England, United Kingdom' src='http:\/\/gsak.net\/stats\/flags\/UK.gif'\/><\/td>\n<td style='background: #e3ddc2;text-align: right;'>1797<\/td>\n<\/tr>\n<tr>\n<td style='background: #e3ddc2;'><a href=\"http:\/\/coord.info\/TBAA0HC\">TBAA0HC<\/a><\/td>\n<td style='background: #e3ddc2;'>Vrruuuummmm, vrruuuummmm<\/td>\n<td style='background: #e3ddc2;text-align: right;'>AntJesus<\/td>\n<td style='background: #e3ddc2;text-align: right;'>2588<\/td>\n<td style='background: #e3ddc2;'><a href=\"http:\/\/coord.info\/GC8MQFA\">GC8MQFA<\/a> <img align ='top' vspace='1'  alt='Mecklenburg-Vorpommern, Germany' title='Mecklenburg-Vorpommern, Germany' src='http:\/\/gsak.net\/stats\/flags\/DE.gif'\/><\/td>\n<td style='background: #e3ddc2;text-align: right;'>2430<\/td>\n<\/tr>\n<tr>\n<td style='background: #e3ddc2;'><a href=\"http:\/\/coord.info\/TBAA0FM\">TBAA0FM<\/a><\/td>\n<td style='background: #e3ddc2;'>51 Alentejo<\/td>\n<td style='background: #e3ddc2;text-align: right;'>perfeita<\/td>\n<td style='background: #e3ddc2;text-align: right;'>2546<\/td>\n<td style='background: #e3ddc2;'><a href=\"http:\/\/coord.info\/GCB55XR\">GCB55XR<\/a> <img align ='top' vspace='1'  alt='Bayern, Germany' title='Bayern, Germany' src='http:\/\/gsak.net\/stats\/flags\/DE.gif'\/><\/td>\n<td style='background: #e3ddc2;text-align: right;'>2000<\/td>\n<\/tr>\n<tr>\n<td style='background: #e3ddc2;'><a href=\"http:\/\/coord.info\/TBAB9E1\">TBAB9E1<\/a><\/td>\n<td style='background: #e3ddc2;'>Jip\u00f3sio<\/td>\n<td style='background: #e3ddc2;text-align: right;'>Perfeito22<\/td>\n<td style='background: #e3ddc2;text-align: right;'>2545<\/td>\n<td style='background: #e3ddc2;'><a href=\"http:\/\/coord.info\/GCB55XR\">GCB55XR<\/a> <img align ='top' vspace='1'  alt='Bayern, Germany' title='Bayern, Germany' src='http:\/\/gsak.net\/stats\/flags\/DE.gif'\/><\/td>\n<td style='background: #e3ddc2;text-align: right;'>2000<\/td>\n<\/tr>\n<tr>\n<td style='background: #e3ddc2;'><a href=\"http:\/\/coord.info\/TBAA0JM\">TBAA0JM<\/a><\/td>\n<td style='background: #e3ddc2;'>Patinha Dourada<\/td>\n<td style='background: #e3ddc2;text-align: right;'>Aziul<\/td>\n<td style='background: #e3ddc2;text-align: right;'>2002<\/td>\n<td style='background: #e3ddc2;'><a href=\"http:\/\/coord.info\/GCB79DN\">GCB79DN<\/a> <img align ='top' vspace='1'  alt='Sicilia, Italy' title='Sicilia, Italy' src='http:\/\/gsak.net\/stats\/flags\/IT.gif'\/><\/td>\n<td style='background: #e3ddc2;text-align: right;'>2002<\/td>\n<\/tr>\n<tr>\n<td style='background: #e3ddc2;'><a href=\"http:\/\/coord.info\/TBAWK6H\">TBAWK6H<\/a><\/td>\n<td style='background: #e3ddc2;'>Polly, the police dog<\/td>\n<td style='background: #e3ddc2;text-align: right;'>Bact\u00e9rias<\/td>\n<td style='background: #e3ddc2;text-align: right;'>1996<\/td>\n<td style='background: #e3ddc2;'>Team Geo-cachet <\/td>\n<td style='background: #e3ddc2;text-align: right;'>1851<\/td>\n<\/tr>\n<tr>\n<td style='background: #e3ddc2;'><a href=\"http:\/\/coord.info\/TBAA045\">TBAA045<\/a><\/td>\n<td style='background: #e3ddc2;'>Traveler Dinossaur<\/td>\n<td style='background: #e3ddc2;text-align: right;'>Bitoque446<\/td>\n<td style='background: #e3ddc2;text-align: right;'>1933<\/td>\n<td style='background: #e3ddc2;'>DocFuchs <\/td>\n<td style='background: #e3ddc2;text-align: right;'>1758<\/td>\n<\/tr>\n<tr>\n<td style='background: #e3ddc2;'><a href=\"http:\/\/coord.info\/TBAA162\">TBAA162<\/a><\/td>\n<td style='background: #e3ddc2;'>Patinho da In\u00eas<\/td>\n<td style='background: #e3ddc2;text-align: right;'>AR Team<\/td>\n<td style='background: #e3ddc2;text-align: right;'>1861<\/td>\n<td style='background: #e3ddc2;'>Staerneching <\/td>\n<td style='background: #e3ddc2;text-align: right;'>1629<\/td>\n<\/tr>\n<tr>\n<td style='background: #e3ddc2;'><a href=\"http:\/\/coord.info\/TBAA0YJ\">TBAA0YJ<\/a><\/td>\n<td style='background: #e3ddc2;'>III BAJA GEO ALENTEJO GREENCAR.<\/td>\n<td style='background: #e3ddc2;text-align: right;'>pjrosado<\/td>\n<td style='background: #e3ddc2;text-align: right;'>1861<\/td>\n<td style='background: #e3ddc2;'>Staerneching <\/td>\n<td style='background: #e3ddc2;text-align: right;'>1629<\/td>\n<\/tr>\n<tr>\n<td style='background: #e3ddc2;'><a href=\"http:\/\/coord.info\/TBAA1GN\">TBAA1GN<\/a><\/td>\n<td style='background: #e3ddc2;'>TB BenRace<\/td>\n<td style='background: #e3ddc2;text-align: right;'>BNRatinho<\/td>\n<td style='background: #e3ddc2;text-align: right;'>1115<\/td>\n<td style='background: #e3ddc2;'>Salecy <\/td>\n<td style='background: #e3ddc2;text-align: right;'>1031<\/td>\n<\/tr>\n<tr>\n<td style='background: #e3ddc2;'><a href=\"http:\/\/coord.info\/TBAZN6A\">TBAZN6A<\/a><\/td>\n<td style='background: #e3ddc2;'>Tokomania Token DGS &#8211; RACER 56<\/td>\n<td style='background: #e3ddc2;text-align: right;'>neiaeadry<\/td>\n<td style='background: #e3ddc2;text-align: right;'>1115<\/td>\n<td style='background: #e3ddc2;'>Salecy <\/td>\n<td style='background: #e3ddc2;text-align: right;'>1031<\/td>\n<\/tr>\n<tr>\n<td style='background: #e3ddc2;'><a href=\"http:\/\/coord.info\/TBAA17Z\">TBAA17Z<\/a><\/td>\n<td style='background: #e3ddc2;'>Geocoinfest Europe 2022 &#8211; \u00c9vora Trackable<\/td>\n<td style='background: #e3ddc2;text-align: right;'>travellingchef<\/td>\n<td style='background: #e3ddc2;text-align: right;'>534<\/td>\n<td style='background: #e3ddc2;'>mangelfg <\/td>\n<td style='background: #e3ddc2;text-align: right;'>401<\/td>\n<\/tr>\n<tr>\n<td style='background: #e3ddc2;'><a href=\"http:\/\/coord.info\/TB6YWNF\">TB6YWNF<\/a><\/td>\n<td style='background: #e3ddc2;'>Dentadura Furiosa<\/td>\n<td style='background: #e3ddc2;text-align: right;'>Aziul<\/td>\n<td style='background: #e3ddc2;text-align: right;'>412<\/td>\n<td style='background: #e3ddc2;'>BazzaLagos <\/td>\n<td style='background: #e3ddc2;text-align: right;'>123<\/td>\n<\/tr>\n<tr>\n<td style='background: #e3ddc2;'><a href=\"http:\/\/coord.info\/TBB69MN\">TBB69MN<\/a><\/td>\n<td style='background: #e3ddc2;'>Fast 05<\/td>\n<td style='background: #e3ddc2;text-align: right;'>SaraDMar<\/td>\n<td style='background: #e3ddc2;text-align: right;'>406<\/td>\n<td style='background: #e3ddc2;'>BazzaLagos <\/td>\n<td style='background: #e3ddc2;text-align: right;'>123<\/td>\n<\/tr>\n<tr>\n<td style='background: #e3ddc2;'><a href=\"http:\/\/coord.info\/TBAA1AK\">TBAA1AK<\/a><\/td>\n<td style='background: #e3ddc2;'>#VillEcoueR &#8211; III Baja TB Alentejo<\/td>\n<td style='background: #e3ddc2;text-align: right;'>VillEcoueR<\/td>\n<td style='background: #e3ddc2;text-align: right;'>381<\/td>\n<td style='background: #e3ddc2;'>Chrissi_andtheIgels <\/td>\n<td style='background: #e3ddc2;text-align: right;'>381<\/td>\n<\/tr>\n<tr>\n<td style='background: #e3ddc2;'><a href=\"http:\/\/coord.info\/TBB69N4\">TBB69N4<\/a><\/td>\n<td style='background: #e3ddc2;'>Athos<\/td>\n<td style='background: #e3ddc2;text-align: right;'>Pipoko<\/td>\n<td style='background: #e3ddc2;text-align: right;'>237<\/td>\n<td style='background: #e3ddc2;'>Perfeito22 <\/td>\n<td style='background: #e3ddc2;text-align: right;'>178<\/td>\n<\/tr>\n<tr>\n<td style='background: #e3ddc2;'><a href=\"http:\/\/coord.info\/TBAKW43\">TBAKW43<\/a><\/td>\n<td style='background: #e3ddc2;'>Yellow racer<\/td>\n<td style='background: #e3ddc2;text-align: right;'>Bact\u00e9rias<\/td>\n<td style='background: #e3ddc2;text-align: right;'>165<\/td>\n<td style='background: #e3ddc2;'>gabiontour <\/td>\n<td style='background: #e3ddc2;text-align: right;'>158<\/td>\n<\/tr>\n<tr>\n<td style='background: #e3ddc2;'><a href=\"http:\/\/coord.info\/TBAA0XT\">TBAA0XT<\/a><\/td>\n<td style='background: #e3ddc2;'>Qua Qua Qua Trackable <\/td>\n<td style='background: #e3ddc2;text-align: right;'>mbreeze<\/td>\n<td style='background: #e3ddc2;text-align: right;'>165<\/td>\n<td style='background: #e3ddc2;'>gabiontour <\/td>\n<td style='background: #e3ddc2;text-align: right;'>158<\/td>\n<\/tr>\n<tr>\n<td style='background: #e3ddc2;'><a href=\"http:\/\/coord.info\/TBAA0FY\">TBAA0FY<\/a><\/td>\n<td style='background: #e3ddc2;'>Abrindo Portas pelo Mundo<\/td>\n<td style='background: #e3ddc2;text-align: right;'>dr.gigabyte<\/td>\n<td style='background: #e3ddc2;text-align: right;'>131<\/td>\n<td style='background: #e3ddc2;'>hollyburn <\/td>\n<td style='background: #e3ddc2;text-align: right;'>131<\/td>\n<\/tr>\n<tr>\n<td style='background: #e3ddc2;'><a href=\"http:\/\/coord.info\/TBAA09N\">TBAA09N<\/a><\/td>\n<td style='background: #e3ddc2;'>Patinho do Afonso<\/td>\n<td style='background: #e3ddc2;text-align: right;'>AR Team<\/td>\n<td style='background: #e3ddc2;text-align: right;'>130<\/td>\n<td style='background: #e3ddc2;'>DieMakis <\/td>\n<td style='background: #e3ddc2;text-align: right;'>130<\/td>\n<\/tr>\n<tr>\n<td style='background: #e3ddc2;'><a href=\"http:\/\/coord.info\/TBAA0X1\">TBAA0X1<\/a><\/td>\n<td style='background: #e3ddc2;'>Vrruumm Alentejo<\/td>\n<td style='background: #e3ddc2;text-align: right;'>perfeita<\/td>\n<td style='background: #e3ddc2;text-align: right;'>130<\/td>\n<td style='background: #e3ddc2;'>zdehaj <\/td>\n<td style='background: #e3ddc2;text-align: right;'>130<\/td>\n<\/tr>\n<tr>\n<td style='background: #e3ddc2;'><a href=\"http:\/\/coord.info\/TBA2XJT\">TBA2XJT<\/a><\/td>\n<td style='background: #e3ddc2;'>Helpdesk Geocaching shop<\/td>\n<td style='background: #e3ddc2;text-align: right;'>HelpDesck<\/td>\n<td style='background: #e3ddc2;text-align: right;'>103<\/td>\n<td style='background: #e3ddc2;'>emaalm <\/td>\n<td style='background: #e3ddc2;text-align: right;'>103<\/td>\n<\/tr>\n<tr>\n<td style='background: #e3ddc2;'><a href=\"http:\/\/coord.info\/TBAA0GY\">TBAA0GY<\/a><\/td>\n<td style='background: #e3ddc2;'>TB Ratinho Racer<\/td>\n<td style='background: #e3ddc2;text-align: right;'>BMRatinho<\/td>\n<td style='background: #e3ddc2;text-align: right;'>55<\/td>\n<td style='background: #e3ddc2;'>Der_Sheriff <\/td>\n<td style='background: #e3ddc2;text-align: right;'>55<\/td>\n<\/tr>\n<tr>\n<td style='background: #e3ddc2;'><a href=\"http:\/\/coord.info\/TBAA1DJ\">TBAA1DJ<\/a><\/td>\n<td style='background: #e3ddc2;'>Vidigueira<\/td>\n<td style='background: #e3ddc2;text-align: right;'>FLParreira<\/td>\n<td style='background: #e3ddc2;text-align: right;'>0<\/td>\n<td style='background: #e3ddc2;'><a href=\"http:\/\/coord.info\/GCBGRRW\">GCBGRRW<\/a> <img align ='top' vspace='1'  alt='Beja, Portugal' title='Beja, Portugal' src='http:\/\/gsak.net\/stats\/flags\/PT.gif'\/><\/td>\n<td style='background: #e3ddc2;text-align: right;'>0<\/td>\n<\/tr>\n<tr>\n<td style='background: #e3ddc2;'><a href=\"http:\/\/coord.info\/TBB933C\">TBB933C<\/a><\/td>\n<td style='background: #e3ddc2;'>Signal do Mega de Sintra entrou na corrida<\/td>\n<td style='background: #e3ddc2;text-align: right;'>neiaeadry<\/td>\n<td style='background: #e3ddc2;text-align: right;'>0<\/td>\n<td style='background: #e3ddc2;'>BMRatinho <\/td>\n<td style='background: #e3ddc2;text-align: right;'>0<\/td>\n<\/tr>\n<tr>\n<td style='background: #e3ddc2;'><a href=\"http:\/\/coord.info\/TBAWK68\">TBAWK68<\/a><\/td>\n<td style='background: #e3ddc2;'>Galdado 5<\/td>\n<td style='background: #e3ddc2;text-align: right;'>Perfeito22<\/td>\n<td style='background: #e3ddc2;text-align: right;'>0<\/td>\n<td style='background: #e3ddc2;'><a href=\"http:\/\/coord.info\/GCBCQMM\">GCBCQMM<\/a> <img align ='top' vspace='1'  alt='Beja, Portugal' title='Beja, Portugal' src='http:\/\/gsak.net\/stats\/flags\/PT.gif'\/><\/td>\n<td style='background: #e3ddc2;text-align: right;'>1<\/td>\n<\/tr>\n<tr>\n<td style='background: #e3ddc2;'><a href=\"http:\/\/coord.info\/TBAA150\">TBAA150<\/a><\/td>\n<td style='background: #e3ddc2;'>III Corrida GeoAlentejo 2026 Elias70<\/td>\n<td style='background: #e3ddc2;text-align: right;'>Elias70<\/td>\n<td style='background: #e3ddc2;text-align: right;'>0<\/td>\n<td style='background: #e3ddc2;'>FTav <\/td>\n<td style='background: #e3ddc2;text-align: right;'>0<\/td>\n<\/tr>\n<\/table>\n<\/div><h2 class=\"wp-block-heading\">Objetivos:<\/h2><ol class=\"wp-block-list\"><li>Obter o maior n\u00famero de KM percorridos;<\/li>\n\n<li>Terminar no evento do 14\u00ba Anivers\u00e1rio do Geo Alentejo em 2027;<\/li><\/ol><h3 class=\"wp-block-heading\">Regras:<\/h3><ul class=\"wp-block-list\"><li>O trackable dever\u00e1 ter 0 kil\u00f3metros no dia da corrida;<\/li>\n\n<li>O trackable dever\u00e1 iniciar a corrida a partir dos eventos <strong>GCBCQMM<\/strong> ou <strong>GCBGRRW<\/strong>, que ocorrer\u00e3o nos dias 10 e 11 de janeiro de 2026;<\/li>\n\n<li>A corrida termina no dia 10 de janeiro de 2027;<\/li>\n\n<li>Os propriet\u00e1rios dos trackables n\u00e3o poder\u00e3o contribuir no seu progresso;<\/li>\n\n<li>Uma conta de geocaching, pode participar com mais de 1 trackable;<\/li>\n\n<li>Apenas ser\u00e3o considerados os movimentos \u201cDeixar\u201d\/\u201cDropped off\u201d;<\/li>\n\n<li>Ser\u00e3o ignorados movimetos \u201cDeixar\u201d\/\u201cDropped off\u201d consecutivos efetuados pelo mesmo utilizador. Apenas ser\u00e1 contabilizado o mais recente;<\/li>\n\n<li>Um trackable que seja dado como perdido, n\u00e3o poder\u00e1 regressar \u00e0 corrida;<\/li>\n\n<li>Apenas ser\u00e1 atribu\u00eddo um pr\u00e9mio por conta de geocaching;<\/li>\n\n<li>A classifica\u00e7\u00e3o da corrida ser\u00e1 atualizada mensalmente, no site <a href=\"http:\/\/www.GeoAlentejo.com\">www.GeoAlentejo.com<\/a><\/li><\/ul><h3 class=\"wp-block-heading\">Pr\u00e9mios:<\/h3><ul class=\"wp-block-list\"><li>1\u00ba Lugar: Geocoin <\/li>\n\n<li>2\u00ba Lugar: Geocoin<\/li>\n\n<li>3\u00ba Lugar: Garrafa de Vinho<\/li><\/ul><p>Se o trackable terminar no evento do 14\u00ba Anivers\u00e1rio do Geo Alentejo em 2027, o pr\u00e9mio ser\u00e1 uma Geocoin.<\/p><p>Espera-se uma corrida divertida com v\u00e1rios movimentos durante o ano inteiro. Desta forma, apelamos ao bom senso dos participantes em n\u00e3o criar esquemas para tirar vantagem sobre os outros participantes. Caso seja detectada alguma movimenta\u00e7\u00e3o suspeita\/fraudulenta, poderemos rever as regras da corrida ou expulsar o participante da corrida.<\/p>","protected":false},"excerpt":{"rendered":"<p>Texto para colocar no listing: LINK Classifica\u00e7\u00e3o (Data de Actualiza\u00e7\u00e3o: 31\/03\/2026) Classifica\u00e7\u00e3o Total de Participantes: 27 Maior # de Logs: TBAA0HC com 205 logs, atualmente em GC8MQFA Maior # de Km: TBAA1CF com 3159 km, atualmente em GC50XBV Maior dist\u00e2ncia&#8230;<br \/><a class=\"read-more-button\" href=\"https:\/\/geoalentejo.com\/?page_id=21888\">Read more<\/a><\/p>\n","protected":false},"author":1,"featured_media":0,"parent":0,"menu_order":0,"comment_status":"closed","ping_status":"closed","template":"","meta":{"footnotes":""},"class_list":["post-21888","page","type-page","status-publish","hentry"],"_links":{"self":[{"href":"https:\/\/geoalentejo.com\/index.php?rest_route=\/wp\/v2\/pages\/21888","targetHints":{"allow":["GET"]}}],"collection":[{"href":"https:\/\/geoalentejo.com\/index.php?rest_route=\/wp\/v2\/pages"}],"about":[{"href":"https:\/\/geoalentejo.com\/index.php?rest_route=\/wp\/v2\/types\/page"}],"author":[{"embeddable":true,"href":"https:\/\/geoalentejo.com\/index.php?rest_route=\/wp\/v2\/users\/1"}],"replies":[{"embeddable":true,"href":"https:\/\/geoalentejo.com\/index.php?rest_route=%2Fwp%2Fv2%2Fcomments&post=21888"}],"version-history":[{"count":6,"href":"https:\/\/geoalentejo.com\/index.php?rest_route=\/wp\/v2\/pages\/21888\/revisions"}],"predecessor-version":[{"id":21938,"href":"https:\/\/geoalentejo.com\/index.php?rest_route=\/wp\/v2\/pages\/21888\/revisions\/21938"}],"wp:attachment":[{"href":"https:\/\/geoalentejo.com\/index.php?rest_route=%2Fwp%2Fv2%2Fmedia&parent=21888"}],"curies":[{"name":"wp","href":"https:\/\/api.w.org\/{rel}","templated":true}]}}