{"id":21501,"date":"2022-12-06T22:59:43","date_gmt":"2022-12-06T22:59:43","guid":{"rendered":"https:\/\/geoalentejo.com\/?post_type=product&#038;p=21501"},"modified":"2025-04-26T22:34:49","modified_gmt":"2025-04-26T22:34:49","slug":"geo-alentejo-10o-aniversario-geocoin-edicao-especial","status":"publish","type":"product","link":"https:\/\/geoalentejo.com\/?product=geo-alentejo-10o-aniversario-geocoin-edicao-especial","title":{"rendered":"Geo Alentejo \u2013 10\u00ba Anivers\u00e1rio Geocoin Edi\u00e7\u00e3o Especial"},"content":{"rendered":"<p><img loading=\"lazy\" decoding=\"async\" class=\"aligncenter size-full wp-image-21529\" src=\"https:\/\/geoalentejo.com\/wp-content\/uploads\/2022\/12\/GAv4-1.png\" alt=\"\" width=\"480\" height=\"568\" srcset=\"https:\/\/geoalentejo.com\/wp-content\/uploads\/2022\/12\/GAv4-1.png 480w, https:\/\/geoalentejo.com\/wp-content\/uploads\/2022\/12\/GAv4-1-254x300.png 254w\" sizes=\"auto, (max-width: 480px) 100vw, 480px\" \/><\/p>\n","protected":false},"excerpt":{"rendered":"","protected":false},"featured_media":21507,"comment_status":"closed","ping_status":"closed","template":"","meta":[],"product_brand":[],"product_cat":[52],"product_tag":[],"class_list":{"0":"post-21501","1":"product","2":"type-product","3":"status-publish","4":"has-post-thumbnail","6":"product_cat-geocoins","8":"first","9":"outofstock","10":"shipping-taxable","11":"purchasable","12":"product-type-simple"},"_links":{"self":[{"href":"https:\/\/geoalentejo.com\/index.php?rest_route=\/wp\/v2\/product\/21501","targetHints":{"allow":["GET"]}}],"collection":[{"href":"https:\/\/geoalentejo.com\/index.php?rest_route=\/wp\/v2\/product"}],"about":[{"href":"https:\/\/geoalentejo.com\/index.php?rest_route=\/wp\/v2\/types\/product"}],"replies":[{"embeddable":true,"href":"https:\/\/geoalentejo.com\/index.php?rest_route=%2Fwp%2Fv2%2Fcomments&post=21501"}],"wp:featuredmedia":[{"embeddable":true,"href":"https:\/\/geoalentejo.com\/index.php?rest_route=\/wp\/v2\/media\/21507"}],"wp:attachment":[{"href":"https:\/\/geoalentejo.com\/index.php?rest_route=%2Fwp%2Fv2%2Fmedia&parent=21501"}],"wp:term":[{"taxonomy":"product_brand","embeddable":true,"href":"https:\/\/geoalentejo.com\/index.php?rest_route=%2Fwp%2Fv2%2Fproduct_brand&post=21501"},{"taxonomy":"product_cat","embeddable":true,"href":"https:\/\/geoalentejo.com\/index.php?rest_route=%2Fwp%2Fv2%2Fproduct_cat&post=21501"},{"taxonomy":"product_tag","embeddable":true,"href":"https:\/\/geoalentejo.com\/index.php?rest_route=%2Fwp%2Fv2%2Fproduct_tag&post=21501"}],"curies":[{"name":"wp","href":"https:\/\/api.w.org\/{rel}","templated":true}]}}